s the hundred millions digit of 1936117110?
9
What is the ten thousands digit of 322380067?
8
What is the tens digit of 258921363?
6
What is the hundred thousands digit of 682720217?
7
What is the hundred thousands digit of 388415112?
4
What is the ten thousands digit of 87125389?
2
What is the billions digit of 3485019696?
3
What is the hundreds digit of 5764292?
2
What is the tens digit of 50843755?
5
What is the thousands digit of 261157502?
7
What is the thousands digit of 121569?
1
What is the hundred thousands digit of 273222382?
2
What is the units digit of 85751061?
1
What is the units digit of 32690711?
1
What is the thousands digit of 2188502674?
2
What is the hundred thousands digit of 220158720?
1
What is the ten millions digit of 1353133586?
5
What is the hundreds digit of 102938111?
1
What is the tens digit of 2192279189?
8
What is the hundreds digit of 622288223?
2
What is the units digit of 460976155?
5
What is the thousands digit of 4269362474?
2
What is the units digit of 6509562?
2
What is the tens digit of 197668532?
3
What is the ten thousands digit of 2749230353?
3
What is the units digit of 9011863?
3
What is the thousands digit of 73899371?
9
What is the units digit of 52567503?
3
What is the thousands digit of 72596863?
6
What is the thousands digit of 33205412?
5
What is the tens digit of 229141639?
3
What is the thousands digit of 1022212337?
2
What is the millions digit of 33841345?
3
What is the ten millions digit of 39125128?
3
What is the units digit of 748039873?
3
What is the ten thousands digit of 505599387?
9
What is the millions digit of 2934678?
2
What is the hundreds digit of 220490041?
0
What is the ten thousands digit of 16067632?
6
What is the thousands digit of 78436336?
6
What is the tens digit of 257153306?
0
What is the ten millions digit of 176583107?
7
What is the hundreds digit of 800286838?
8
What is the hundred millions digit of 185364608?
1
What is the billions digit of 1882692197?
1
What is the tens digit of 377414589?
8
What is the thousands digit of 480595678?
5
What is the ten millions digit of 118094006?
1
What is the units digit of 144607497?
7
What is the hundred thousands digit of 246625409?
6
What is the units digit of 187231489?
9
What is the millions digit of 2456364886?
6
What is the hundred thousands digit of 760341299?
3
What is the hundred thousands digit of 805410318?
4
What is the tens digit of 269208954?
5
What is the units digit of 2250534776?
6
What is the hundred millions digit of 1242240289?
2
What is the ten thousands digit of 6165601323?
0
What is the hundred thousands digit of 12254896?
2
What is the thousands digit of 183297450?
7
What is the tens digit of 469076063?
6
What is the ten thousands digit of 715182034?
8
What is the millions digit of 625926927?
5
What is the tens digit of 208326917?
1
What is the units digit of 54351610?
0
What is the units digit of 91508048?
8
What is the millions digit of 330703150?
0
What is the thousands digit of 17099454?
9
What is the millions digit of 117124564?
7
What is the ten millions digit of 29038809?
2
What is the hundred thousands digit of 9582906?
5
What is the hundred millions digit of 274108729?
2
What is the ten millions digit of 753576285?
5
What is the ten millions digit of 53163201?
5
What is the thousands digit of 45445885?
5
What is the hundred millions digit of 2352762474?
3
What is the units digit of 57834978?
8
What is the millions digit of 23409330?
3
What is the ten millions digit of 350567516?
5
What is the billions digit of 1336678191?
1
What is the hundred thousands digit of 1001835705?
8
What is the millions digit of 406084550?
6
What is the hundred thousands digit of 373919816?
9
What is the ten millions digit of 1239840047?
3
What is the hundreds digit of 548257369?
3
What is the hundred millions digit of 174140465?
1
What is the thousands digit of 395965165?
5
What is the millions digit of 1831892228?
1
What is the hundreds digit of 59733615?
6
What is the tens digit of 2788439661?
6
What is the hundred thousands digit of 86944529?
9
What is the tens digit of 249628706?
0
What is the millions digit of 88959607?
8
What is the units digit of 6206569126?
6
What is the millions digit of 96128143?
6
What is the ten thousands digit of 1752687?
5
What is the millions digit of 158953868?
8
What is the hundreds digit of 1998968944?
9
What is the units digit of 648208091?
1
What is the hundred thousands digit of 38740671?
7
What is the millions digit of 571813466?
1
What is the hundred thousands digit of 1541225795?
2
What is the units digit of 208378111?
1
What is the thousands digit of 156575543?
5
What is the hundred millions digit of 435027866?
4
What is the ten millions digit of 931068405?
3
What is the hundred thousands digit of 1760934904?
9
What is the hundred millions digit of 177032656?
1
What is the millions digit of 59617154?
9
What is the thousands digit of 7572528809?
8
What is the millions digit of 225424054?
5
What is the hundreds digit of 2121611152?
1
What is the hundred millions digit of 1999135765?
9
What is the ten thousands digit of 100674723?
7
What is the hundreds digit of 1133146272?
2
What is the hundreds digit of 17787493?
4
What is the millions digit of 86219775?
6
What is the billions digit of 2241762896?
2
What is the tens digit of 738704003?
0
What is the thousands digit of 2944768344?
8
What is the millions digit of 7055328?
7
What is the units digit of 313504970?
0
What is the tens digit of 84281911?
1
What is the hundred millions digit of 452210877?
4
What is the ten millions digit of 522599127?
2
What is the ten thousands digit of 458194573?
9
What is the ten thousands digit of 4874216192?
1
What is the units digit of 1598891653?
3
What is the units digit of 37927645?
5
What is the ten millions digit of 163024053?
6
What is the ten thousands digit of 429302001?
0
What is the hundred thousands digit of 46306343?
3
What is the units digit of 456995911?
1
What is the tens digit of 1178891667?
6
What is the ten millions digit of 169839548?
6
What is the hundred thousands digit of 322236715?
2
What is the millions digit of 1639881171?
9
What is the ten thousands digit of 718858888?
5
What is the hundred thousands digit of 20034928?
0
What is the thousands digit of 2130990124?
0
What is the millions digit of 2053593467?
3
What is the billions digit of 1531429078?
1
What is the ten millions digit of 43690213?
4
What is the hundred thousands digit of 173956099?
9
What is the units digit of 3981427?
7
What is the thousands digit of 1070335?
0
What is the units digit of 5346795619?
9
What is the thousands digit of 30116134?
6
What is the billions digit of 2761925205?
2
What is the thousands digit of 883472150?
2
What is the thousands digit of 34137945?
7
What is the hundreds digit of 412573795?
7
What is the ten millions digit of 128868727?
2
What is the ten thousands digit of 4772632560?
3
What is the millions digit of 15452615?
5
What is the ten thousands digit of 278294071?
9
What is the hundred millions digit of 610973266?
6
What is the millions digit of 1209299622?
9
What is the ten thousands digit of 160663680?
6
What is the hundred thousands digit of 1017020997?
0
What is the billions digit of 1451419637?
1
What is the tens digit of 1212999301?
0
What is the tens digit of 1270617909?
0
What is the ten millions digit of 129797471?
2
What is the ten millions digit of 1872727695?
7
What is the millions digit of 10184182?
0
What is the ten millions digit of 303710303?
0
What is the hundred thousands digit of 403210937?
2
What is the tens digit of 22088482?
8
What is the tens digit of 7857600?
0
What is the units digit of 229456613?
3
What is the hundred thousands digit of 188430476?
4
What is the units digit of 236460089?
9
What is the hundred millions digit of 194427036?
1
What is the hundreds digit of 3694852824?
8
What is the hundreds digit of 46879358?
3
What is the ten thousands digit of 15674336?
7
What is the millions digit of 17500054?
7
What is the ten thousands digit of 542151023?
5
What is the ten thousands digit of 249326386?
2
What is the hundred thousands digit of 33523338?
5
What is the units digit of 109098022?
2
What is the millions digit of 1447420961?
7
What is t